{"id":57,"date":"2018-06-01T14:27:54","date_gmt":"2018-06-01T12:27:54","guid":{"rendered":"http:\/\/bedeker.waw.pl\/?page_id=57"},"modified":"2024-03-03T10:30:46","modified_gmt":"2024-03-03T09:30:46","slug":"o-mnie","status":"publish","type":"page","link":"https:\/\/bedeker.waw.pl\/index.php\/o-mnie\/","title":{"rendered":"O mnie"},"content":{"rendered":"<div class=\"wp-block-image\">\n<figure class=\"aligncenter size-large\"><img decoding=\"async\" src=\"https:\/\/bedeker.waw.pl\/wp-content\/uploads\/2018\/12\/DSC_6453_00009-w2.jpg\" alt=\"\"\/><\/figure><\/div>\n\n\n<p class=\"has-medium-font-size\">Jestem licencjonowanym przewodnikiem turystycznym. Posiadam uprawnienia przewodnika miejskiego po Warszawie nadane przez Polskie Towarzystwo Turystyczno-Krajoznawcze. Przynale\u017c\u0119 do Warszawskiego Ko\u0142a Przewodnik\u00f3w Miejskich, kt\u00f3re dzia\u0142a przy Warszawskim Oddziale Przewodnik\u00f3w PTTK. Uko\u0144czy\u0142em r\u00f3wnie\u017c szkolenie z oprowadzania po Muzeum Niepodleg\u0142o\u015bci w Warszawie i jego Oddzia\u0142ach.<\/p>\n\n\n\n<p class=\"has-medium-font-size\">Od wielu lat interesuj\u0119 si\u0119 histori\u0105 Warszawy.&nbsp; Ju\u017c jako ma\u0142y ch\u0142opiec zwraca\u0142em uwag\u0119 na jej detale architektoniczne. Nieodzownym towarzyszem w moich miejskich w\u0119dr\u00f3wkach jest aparat fotograficzny. Cz\u0119sto zdarza mi si\u0119 odwiedza\u0107, na pierwszy rzut oka, niepozorne, zapomniane miejsca, kt\u00f3re kiedy\u015b w swoim rozkwicie cieszy\u0142y si\u0119 wielk\u0105 \u015bwietno\u015bci\u0105. Warszawa urzek\u0142a mnie zapieraj\u0105c\u0105 dech w piersiach histori\u0105 oraz heroizmem jej mieszka\u0144c\u00f3w. Zawsze b\u0119dzie mie\u0107 miejsce w moim sercu.<\/p>\n\n\n\n<p class=\"has-medium-font-size\">Zwie\u0144czeniem mojej varsavianistycznej pasji jest mo\u017cliwo\u015b\u0107 dzielenia si\u0119 wiedz\u0105 o Warszawie w spos\u00f3b rzetelny i profesjonalny. Gwarantuj\u0105 to zdobyte licencjonowane uprawnienia.<\/p>\n\n\n\n<p class=\"has-medium-font-size\">09 lipca 2020 roku Prezydent m. st. Warszawy powo\u0142a\u0142 mnie na Spo\u0142ecznego Opiekuna Zabytk\u00f3w.<\/p>\n\n\n\n<p class=\"has-text-align-right has-medium-font-size\">Rafa\u0142 Adrian Kraszewski<\/p>\n\n\n\n<p class=\"has-text-align-center has-normal-font-size\"><a href=\"\/index.php\/certyfikaty-i-uprawnienia\/\">Certyfikaty, dyplomy i uprawnienia<\/a> \u00a0\u00a0\u00a0 <a href=\"\/index.php\/podziekowania-i-referencje\/\">Podzi\u0119kowania i referencje<\/a> \u00a0 \u00a0 <a href=\"\/index.php\/kontakt\/\">Dane kontaktowe<\/a><\/p>\n","protected":false},"excerpt":{"rendered":"<p>Jestem licencjonowanym przewodnikiem turystycznym. Posiadam uprawnienia przewodnika miejskiego po Warszawie nadane przez Polskie Towarzystwo Turystyczno-Krajoznawcze. Przynale\u017c\u0119 do Warszawskiego Ko\u0142a Przewodnik\u00f3w Miejskich, kt\u00f3re dzia\u0142a przy Warszawskim Oddziale Przewodnik\u00f3w PTTK. Uko\u0144czy\u0142em r\u00f3wnie\u017c&hellip; <\/p>\n","protected":false},"author":1,"featured_media":0,"parent":0,"menu_order":0,"comment_status":"closed","ping_status":"closed","template":"","meta":[],"_links":{"self":[{"href":"https:\/\/bedeker.waw.pl\/index.php\/wp-json\/wp\/v2\/pages\/57"}],"collection":[{"href":"https:\/\/bedeker.waw.pl\/index.php\/wp-json\/wp\/v2\/pages"}],"about":[{"href":"https:\/\/bedeker.waw.pl\/index.php\/wp-json\/wp\/v2\/types\/page"}],"author":[{"embeddable":true,"href":"https:\/\/bedeker.waw.pl\/index.php\/wp-json\/wp\/v2\/users\/1"}],"replies":[{"embeddable":true,"href":"https:\/\/bedeker.waw.pl\/index.php\/wp-json\/wp\/v2\/comments?post=57"}],"version-history":[{"count":2,"href":"https:\/\/bedeker.waw.pl\/index.php\/wp-json\/wp\/v2\/pages\/57\/revisions"}],"predecessor-version":[{"id":3218,"href":"https:\/\/bedeker.waw.pl\/index.php\/wp-json\/wp\/v2\/pages\/57\/revisions\/3218"}],"wp:attachment":[{"href":"https:\/\/bedeker.waw.pl\/index.php\/wp-json\/wp\/v2\/media?parent=57"}],"curies":[{"name":"wp","href":"https:\/\/api.w.org\/{rel}","templated":true}]}}

<div class="wp-block-image">
<figure class="aligncenter size-large"><img decoding="async" src="https://bedeker.waw.pl/wp-content/uploads/2018/12/DSC_6453_00009-w2.jpg" alt=""/></figure></div>


<p class="has-medium-font-size">Jestem licencjonowanym przewodnikiem turystycznym. Posiadam uprawnienia przewodnika miejskiego po Warszawie nadane przez Polskie Towarzystwo Turystyczno-Krajoznawcze. Przynależę do Warszawskiego Koła Przewodników Miejskich, które działa przy Warszawskim Oddziale Przewodników PTTK. Ukończyłem również szkolenie z oprowadzania po Muzeum Niepodległości w Warszawie i jego Oddziałach.</p>



<p class="has-medium-font-size">Od wielu lat interesuję się historią Warszawy.&nbsp; Już jako mały chłopiec zwracałem uwagę na jej detale architektoniczne. Nieodzownym towarzyszem w moich miejskich wędrówkach jest aparat fotograficzny. Często zdarza mi się odwiedzać, na pierwszy rzut oka, niepozorne, zapomniane miejsca, które kiedyś w swoim rozkwicie cieszyły się wielką świetnością. Warszawa urzekła mnie zapierającą dech w piersiach historią oraz heroizmem jej mieszkańców. Zawsze będzie mieć miejsce w moim sercu.</p>



<p class="has-medium-font-size">Zwieńczeniem mojej varsavianistycznej pasji jest możliwość dzielenia się wiedzą o Warszawie w sposób rzetelny i profesjonalny. Gwarantują to zdobyte licencjonowane uprawnienia.</p>



<p class="has-medium-font-size">09 lipca 2020 roku Prezydent m. st. Warszawy powołał mnie na Społecznego Opiekuna Zabytków.</p>



<p class="has-text-align-right has-medium-font-size">Rafał Adrian Kraszewski</p>



<p class="has-text-align-center has-normal-font-size"><a href="/index.php/certyfikaty-i-uprawnienia/">Certyfikaty, dyplomy i uprawnienia</a>     <a href="/index.php/podziekowania-i-referencje/">Podziękowania i referencje</a>     <a href="/index.php/kontakt/">Dane kontaktowe</a></p>

<p>Jestem licencjonowanym przewodnikiem turystycznym. Posiadam uprawnienia przewodnika miejskiego po Warszawie nadane przez Polskie Towarzystwo Turystyczno-Krajoznawcze. Przynależę do Warszawskiego Koła Przewodników Miejskich, które działa przy Warszawskim Oddziale Przewodników PTTK. Ukończyłem również&hellip; </p>
